{"id":59,"date":"2024-02-14T17:20:04","date_gmt":"2024-02-14T17:20:04","guid":{"rendered":"http:\/\/energeticar.free.nf\/?page_id=59"},"modified":"2025-12-11T20:07:23","modified_gmt":"2025-12-11T20:07:23","slug":"ispitne-komisije","status":"publish","type":"page","link":"https:\/\/energeticar.hr\/index.php\/ispitne-komisije\/","title":{"rendered":"Ispitne komisije"},"content":{"rendered":"\n<p class=\" eplus-wrapper\"><\/p>\n\n\n<div class=\"wp-block-columns eplus-wrapper is-layout-flex wp-container-core-columns-is-layout-9d6595d7 wp-block-columns-is-layout-flex eplus-styles-uid-80e42a\">\n<div class=\"wp-block-column eplus-wrapper is-layout-flow wp-block-column-is-layout-flow\"><div class=\"wp-block-columns eplus-wrapper is-layout-flex wp-container-core-columns-is-layout-9d6595d7 wp-block-columns-is-layout-flex eplus-styles-uid-dc27b0\">\n<div class=\"wp-block-column eplus-wrapper is-layout-flow wp-block-column-is-layout-flow\"><div class=\"wp-block-image \">\n<figure class=\"aligncenter size-full eplus-wrapper\"><img loading=\"lazy\" decoding=\"async\" width=\"569\" height=\"373\" src=\"https:\/\/energeticar.hr\/wp-content\/uploads\/2025\/12\/Ispitna-komisija-Osijek-3.jpg\" alt=\"\" class=\"wp-image-4690\" srcset=\"https:\/\/energeticar.hr\/wp-content\/uploads\/2025\/12\/Ispitna-komisija-Osijek-3.jpg 569w, https:\/\/energeticar.hr\/wp-content\/uploads\/2025\/12\/Ispitna-komisija-Osijek-3-300x197.jpg 300w\" sizes=\"auto, (max-width: 569px) 100vw, 569px\" \/><\/figure>\n<\/div>\n\n\n<p class=\" has-text-align-center has-medium-font-size eplus-wrapper\"><strong><a href=\"mailto:anita.higi@seh.hr\" target=\"_blank\" rel=\"noreferrer noopener\"><strong>Po\u0161alji upit Ispitnoj komisiji MINGO Osijek<\/strong><\/a><\/strong><\/p>\n<\/div>\n<\/div><\/div>\n<\/div>\n\n<div class=\"wp-block-columns eplus-wrapper is-layout-flex wp-container-core-columns-is-layout-9d6595d7 wp-block-columns-is-layout-flex eplus-styles-uid-182df3\">\n<div class=\"wp-block-column eplus-wrapper is-layout-flow wp-block-column-is-layout-flow\"><div class=\"wp-block-image \">\n<figure class=\"aligncenter size-full eplus-wrapper\"><img loading=\"lazy\" decoding=\"async\" width=\"567\" height=\"378\" src=\"https:\/\/energeticar.hr\/wp-content\/uploads\/2025\/02\/Ispitna-komisija-Zagreb-2.jpg\" alt=\"\" class=\"wp-image-4319\" srcset=\"https:\/\/energeticar.hr\/wp-content\/uploads\/2025\/02\/Ispitna-komisija-Zagreb-2.jpg 567w, https:\/\/energeticar.hr\/wp-content\/uploads\/2025\/02\/Ispitna-komisija-Zagreb-2-300x200.jpg 300w\" sizes=\"auto, (max-width: 567px) 100vw, 567px\" \/><\/figure>\n<\/div>\n\n\n<p class=\" has-text-align-center has-medium-font-size eplus-wrapper\"><strong><a href=\"mailto:sanja.huzjak@seh.hr\" target=\"_blank\" rel=\"noreferrer noopener\">Po\u0161alji upit Ispitnoj komisiji MINGO Zagreb<\/a><\/strong><\/p>\n<\/div>\n\n\n\n<div class=\"wp-block-column eplus-wrapper is-layout-flow wp-block-column-is-layout-flow\"><div class=\"wp-block-image \">\n<figure class=\"aligncenter size-full eplus-wrapper\"><img loading=\"lazy\" decoding=\"async\" width=\"568\" height=\"372\" src=\"https:\/\/energeticar.hr\/wp-content\/uploads\/2025\/02\/Ispitna-komisija-Varazdin-2.jpg\" alt=\"\" class=\"wp-image-4318\" srcset=\"https:\/\/energeticar.hr\/wp-content\/uploads\/2025\/02\/Ispitna-komisija-Varazdin-2.jpg 568w, https:\/\/energeticar.hr\/wp-content\/uploads\/2025\/02\/Ispitna-komisija-Varazdin-2-300x196.jpg 300w\" sizes=\"auto, (max-width: 568px) 100vw, 568px\" \/><\/figure>\n<\/div>\n\n\n<p class=\" has-text-align-center has-medium-font-size eplus-wrapper\"><strong><a href=\"mailto:ivanka.bogomolec@seh.hr\" target=\"_blank\" rel=\"noreferrer noopener\">Po\u0161alji upit Ispitnoj komisiji MINGO Vara\u017edin<\/a><\/strong><\/p>\n<\/div>\n<\/div>\n\n<div class=\"wp-block-columns eplus-wrapper is-layout-flex wp-container-core-columns-is-layout-9d6595d7 wp-block-columns-is-layout-flex eplus-styles-uid-a5bc9a\">\n<div class=\"wp-block-column eplus-wrapper is-layout-flow wp-block-column-is-layout-flow\"><div class=\"wp-block-image \">\n<figure class=\"aligncenter size-full eplus-wrapper\"><img loading=\"lazy\" decoding=\"async\" width=\"568\" height=\"371\" src=\"https:\/\/energeticar.hr\/wp-content\/uploads\/2025\/02\/Ispitna-komisija-Rijeka-2.jpg\" alt=\"\" class=\"wp-image-4316\" srcset=\"https:\/\/energeticar.hr\/wp-content\/uploads\/2025\/02\/Ispitna-komisija-Rijeka-2.jpg 568w, https:\/\/energeticar.hr\/wp-content\/uploads\/2025\/02\/Ispitna-komisija-Rijeka-2-300x196.jpg 300w\" sizes=\"auto, (max-width: 568px) 100vw, 568px\" \/><\/figure>\n<\/div>\n\n\n<p class=\" has-text-align-center has-medium-font-size eplus-wrapper\"><strong><a href=\"mailto:rozita.kuzma@seh.hr\" target=\"_blank\" rel=\"noreferrer noopener\">Po\u0161alji upit Ispitnoj komisiji MINGO Rijeka<\/a><\/strong><\/p>\n<\/div>\n\n\n\n<div class=\"wp-block-column eplus-wrapper is-layout-flow wp-block-column-is-layout-flow\"><div class=\"wp-block-image \">\n<figure class=\"aligncenter size-full eplus-wrapper\"><img loading=\"lazy\" decoding=\"async\" width=\"568\" height=\"370\" src=\"https:\/\/energeticar.hr\/wp-content\/uploads\/2025\/02\/Ispitna-komisija-Split-2.jpg\" alt=\"\" class=\"wp-image-4317\" srcset=\"https:\/\/energeticar.hr\/wp-content\/uploads\/2025\/02\/Ispitna-komisija-Split-2.jpg 568w, https:\/\/energeticar.hr\/wp-content\/uploads\/2025\/02\/Ispitna-komisija-Split-2-300x195.jpg 300w\" sizes=\"auto, (max-width: 568px) 100vw, 568px\" \/><\/figure>\n<\/div>\n\n\n<p class=\" has-text-align-center has-medium-font-size eplus-wrapper\"><strong><a href=\"mailto:tonci.pavlinovic@seh.hr\" target=\"_blank\" rel=\"noreferrer noopener\">Po\u0161alji upit Ispitnoj komisiji MINGO Split<\/a><\/strong><\/p>\n<\/div>\n<\/div>","protected":false},"excerpt":{"rendered":"<p>Po\u0161alji upit Ispitnoj komisiji MINGO Osijek Po\u0161alji upit Ispitnoj komisiji MINGO Zagreb Po\u0161alji upit Ispitnoj komisiji MINGO Vara\u017edin Po\u0161alji upit Ispitnoj komisiji MINGO Rijeka Po\u0161alji upit Ispitnoj komisiji MINGO Split<\/p>\n","protected":false},"author":1,"featured_media":0,"parent":0,"menu_order":0,"comment_status":"closed","ping_status":"closed","template":"","meta":{"editor_plus_copied_stylings":"{}","footnotes":""},"class_list":["post-59","page","type-page","status-publish"],"yoast_head":"<!-- This site is optimized with the Yoast SEO plugin v26.8 - https:\/\/yoast.com\/product\/yoast-seo-wordpress\/ -->\n<title>Ispitne komisije - Savez energeti\u010dara Slavonije i Baranje<\/title>\n<meta name=\"description\" content=\"Po\u0161alji upit Ispitnoj komisiji MINGO Osijek Po\u0161alji upit Ispitnoj komisiji MINGO Zagreb Po\u0161alji upit Ispitnoj komisiji MINGO Vara\u017edin Po\u0161alji upit\" \/>\n<meta name=\"robots\" content=\"index, follow, max-snippet:-1, max-image-preview:large, max-video-preview:-1\" \/>\n<link rel=\"canonical\" href=\"https:\/\/energeticar.hr\/index.php\/ispitne-komisije\/\" \/>\n<meta property=\"og:locale\" content=\"en_US\" \/>\n<meta property=\"og:type\" content=\"article\" \/>\n<meta property=\"og:title\" content=\"Ispitne komisije - Savez energeti\u010dara Slavonije i Baranje\" \/>\n<meta property=\"og:description\" content=\"Po\u0161alji upit Ispitnoj komisiji MINGO Osijek Po\u0161alji upit Ispitnoj komisiji MINGO Zagreb Po\u0161alji upit Ispitnoj komisiji MINGO Vara\u017edin Po\u0161alji upit\" \/>\n<meta property=\"og:url\" content=\"https:\/\/energeticar.hr\/index.php\/ispitne-komisije\/\" \/>\n<meta property=\"og:site_name\" content=\"Savez energeti\u010dara Slavonije i Baranje\" \/>\n<meta property=\"article:modified_time\" content=\"2025-12-11T20:07:23+00:00\" \/>\n<meta property=\"og:image\" content=\"https:\/\/energeticar.hr\/wp-content\/uploads\/2025\/12\/Ispitna-komisija-Osijek-3.jpg\" \/>\n<meta name=\"twitter:card\" content=\"summary_large_image\" \/>\n<meta name=\"twitter:label1\" content=\"Est. reading time\" \/>\n\t<meta name=\"twitter:data1\" content=\"2 minutes\" \/>\n<script type=\"application\/ld+json\" class=\"yoast-schema-graph\">{\"@context\":\"https:\/\/schema.org\",\"@graph\":[{\"@type\":\"WebPage\",\"@id\":\"https:\/\/energeticar.hr\/index.php\/ispitne-komisije\/\",\"url\":\"https:\/\/energeticar.hr\/index.php\/ispitne-komisije\/\",\"name\":\"Ispitne komisije - Savez energeti\u010dara Slavonije i Baranje\",\"isPartOf\":{\"@id\":\"https:\/\/energeticar.hr\/#website\"},\"primaryImageOfPage\":{\"@id\":\"https:\/\/energeticar.hr\/index.php\/ispitne-komisije\/#primaryimage\"},\"image\":{\"@id\":\"https:\/\/energeticar.hr\/index.php\/ispitne-komisije\/#primaryimage\"},\"thumbnailUrl\":\"https:\/\/energeticar.hr\/wp-content\/uploads\/2025\/12\/Ispitna-komisija-Osijek-3.jpg\",\"datePublished\":\"2024-02-14T17:20:04+00:00\",\"dateModified\":\"2025-12-11T20:07:23+00:00\",\"description\":\"Po\u0161alji upit Ispitnoj komisiji MINGO Osijek Po\u0161alji upit Ispitnoj komisiji MINGO Zagreb Po\u0161alji upit Ispitnoj komisiji MINGO Vara\u017edin Po\u0161alji upit\",\"breadcrumb\":{\"@id\":\"https:\/\/energeticar.hr\/index.php\/ispitne-komisije\/#breadcrumb\"},\"inLanguage\":\"en-US\",\"potentialAction\":[{\"@type\":\"ReadAction\",\"target\":[\"https:\/\/energeticar.hr\/index.php\/ispitne-komisije\/\"]}]},{\"@type\":\"ImageObject\",\"inLanguage\":\"en-US\",\"@id\":\"https:\/\/energeticar.hr\/index.php\/ispitne-komisije\/#primaryimage\",\"url\":\"https:\/\/energeticar.hr\/wp-content\/uploads\/2025\/12\/Ispitna-komisija-Osijek-3.jpg\",\"contentUrl\":\"https:\/\/energeticar.hr\/wp-content\/uploads\/2025\/12\/Ispitna-komisija-Osijek-3.jpg\",\"width\":569,\"height\":373},{\"@type\":\"BreadcrumbList\",\"@id\":\"https:\/\/energeticar.hr\/index.php\/ispitne-komisije\/#breadcrumb\",\"itemListElement\":[{\"@type\":\"ListItem\",\"position\":1,\"name\":\"Home\",\"item\":\"https:\/\/energeticar.hr\/\"},{\"@type\":\"ListItem\",\"position\":2,\"name\":\"Ispitne komisije\"}]},{\"@type\":\"WebSite\",\"@id\":\"https:\/\/energeticar.hr\/#website\",\"url\":\"https:\/\/energeticar.hr\/\",\"name\":\"Savez energeti\u010dara Slavonije i Baranje\",\"description\":\"SESIB\",\"publisher\":{\"@id\":\"https:\/\/energeticar.hr\/#organization\"},\"potentialAction\":[{\"@type\":\"SearchAction\",\"target\":{\"@type\":\"EntryPoint\",\"urlTemplate\":\"https:\/\/energeticar.hr\/?s={search_term_string}\"},\"query-input\":{\"@type\":\"PropertyValueSpecification\",\"valueRequired\":true,\"valueName\":\"search_term_string\"}}],\"inLanguage\":\"en-US\"},{\"@type\":\"Organization\",\"@id\":\"https:\/\/energeticar.hr\/#organization\",\"name\":\"Savez energeti\u010dara Slavonije i Baranje\",\"url\":\"https:\/\/energeticar.hr\/\",\"logo\":{\"@type\":\"ImageObject\",\"inLanguage\":\"en-US\",\"@id\":\"https:\/\/energeticar.hr\/#\/schema\/logo\/image\/\",\"url\":\"https:\/\/energeticar.hr\/wp-content\/uploads\/2024\/02\/SESiB-logo-SMALL-1.png\",\"contentUrl\":\"https:\/\/energeticar.hr\/wp-content\/uploads\/2024\/02\/SESiB-logo-SMALL-1.png\",\"width\":110,\"height\":101,\"caption\":\"Savez energeti\u010dara Slavonije i Baranje\"},\"image\":{\"@id\":\"https:\/\/energeticar.hr\/#\/schema\/logo\/image\/\"}}]}<\/script>\n<!-- \/ Yoast SEO plugin. -->","yoast_head_json":{"title":"Ispitne komisije - Savez energeti\u010dara Slavonije i Baranje","description":"Po\u0161alji upit Ispitnoj komisiji MINGO Osijek Po\u0161alji upit Ispitnoj komisiji MINGO Zagreb Po\u0161alji upit Ispitnoj komisiji MINGO Vara\u017edin Po\u0161alji upit","robots":{"index":"index","follow":"follow","max-snippet":"max-snippet:-1","max-image-preview":"max-image-preview:large","max-video-preview":"max-video-preview:-1"},"canonical":"https:\/\/energeticar.hr\/index.php\/ispitne-komisije\/","og_locale":"en_US","og_type":"article","og_title":"Ispitne komisije - Savez energeti\u010dara Slavonije i Baranje","og_description":"Po\u0161alji upit Ispitnoj komisiji MINGO Osijek Po\u0161alji upit Ispitnoj komisiji MINGO Zagreb Po\u0161alji upit Ispitnoj komisiji MINGO Vara\u017edin Po\u0161alji upit","og_url":"https:\/\/energeticar.hr\/index.php\/ispitne-komisije\/","og_site_name":"Savez energeti\u010dara Slavonije i Baranje","article_modified_time":"2025-12-11T20:07:23+00:00","og_image":[{"url":"https:\/\/energeticar.hr\/wp-content\/uploads\/2025\/12\/Ispitna-komisija-Osijek-3.jpg","type":"","width":"","height":""}],"twitter_card":"summary_large_image","twitter_misc":{"Est. reading time":"2 minutes"},"schema":{"@context":"https:\/\/schema.org","@graph":[{"@type":"WebPage","@id":"https:\/\/energeticar.hr\/index.php\/ispitne-komisije\/","url":"https:\/\/energeticar.hr\/index.php\/ispitne-komisije\/","name":"Ispitne komisije - Savez energeti\u010dara Slavonije i Baranje","isPartOf":{"@id":"https:\/\/energeticar.hr\/#website"},"primaryImageOfPage":{"@id":"https:\/\/energeticar.hr\/index.php\/ispitne-komisije\/#primaryimage"},"image":{"@id":"https:\/\/energeticar.hr\/index.php\/ispitne-komisije\/#primaryimage"},"thumbnailUrl":"https:\/\/energeticar.hr\/wp-content\/uploads\/2025\/12\/Ispitna-komisija-Osijek-3.jpg","datePublished":"2024-02-14T17:20:04+00:00","dateModified":"2025-12-11T20:07:23+00:00","description":"Po\u0161alji upit Ispitnoj komisiji MINGO Osijek Po\u0161alji upit Ispitnoj komisiji MINGO Zagreb Po\u0161alji upit Ispitnoj komisiji MINGO Vara\u017edin Po\u0161alji upit","breadcrumb":{"@id":"https:\/\/energeticar.hr\/index.php\/ispitne-komisije\/#breadcrumb"},"inLanguage":"en-US","potentialAction":[{"@type":"ReadAction","target":["https:\/\/energeticar.hr\/index.php\/ispitne-komisije\/"]}]},{"@type":"ImageObject","inLanguage":"en-US","@id":"https:\/\/energeticar.hr\/index.php\/ispitne-komisije\/#primaryimage","url":"https:\/\/energeticar.hr\/wp-content\/uploads\/2025\/12\/Ispitna-komisija-Osijek-3.jpg","contentUrl":"https:\/\/energeticar.hr\/wp-content\/uploads\/2025\/12\/Ispitna-komisija-Osijek-3.jpg","width":569,"height":373},{"@type":"BreadcrumbList","@id":"https:\/\/energeticar.hr\/index.php\/ispitne-komisije\/#breadcrumb","itemListElement":[{"@type":"ListItem","position":1,"name":"Home","item":"https:\/\/energeticar.hr\/"},{"@type":"ListItem","position":2,"name":"Ispitne komisije"}]},{"@type":"WebSite","@id":"https:\/\/energeticar.hr\/#website","url":"https:\/\/energeticar.hr\/","name":"Savez energeti\u010dara Slavonije i Baranje","description":"SESIB","publisher":{"@id":"https:\/\/energeticar.hr\/#organization"},"potentialAction":[{"@type":"SearchAction","target":{"@type":"EntryPoint","urlTemplate":"https:\/\/energeticar.hr\/?s={search_term_string}"},"query-input":{"@type":"PropertyValueSpecification","valueRequired":true,"valueName":"search_term_string"}}],"inLanguage":"en-US"},{"@type":"Organization","@id":"https:\/\/energeticar.hr\/#organization","name":"Savez energeti\u010dara Slavonije i Baranje","url":"https:\/\/energeticar.hr\/","logo":{"@type":"ImageObject","inLanguage":"en-US","@id":"https:\/\/energeticar.hr\/#\/schema\/logo\/image\/","url":"https:\/\/energeticar.hr\/wp-content\/uploads\/2024\/02\/SESiB-logo-SMALL-1.png","contentUrl":"https:\/\/energeticar.hr\/wp-content\/uploads\/2024\/02\/SESiB-logo-SMALL-1.png","width":110,"height":101,"caption":"Savez energeti\u010dara Slavonije i Baranje"},"image":{"@id":"https:\/\/energeticar.hr\/#\/schema\/logo\/image\/"}}]}},"_links":{"self":[{"href":"https:\/\/energeticar.hr\/index.php\/wp-json\/wp\/v2\/pages\/59","targetHints":{"allow":["GET"]}}],"collection":[{"href":"https:\/\/energeticar.hr\/index.php\/wp-json\/wp\/v2\/pages"}],"about":[{"href":"https:\/\/energeticar.hr\/index.php\/wp-json\/wp\/v2\/types\/page"}],"author":[{"embeddable":true,"href":"https:\/\/energeticar.hr\/index.php\/wp-json\/wp\/v2\/users\/1"}],"replies":[{"embeddable":true,"href":"https:\/\/energeticar.hr\/index.php\/wp-json\/wp\/v2\/comments?post=59"}],"version-history":[{"count":35,"href":"https:\/\/energeticar.hr\/index.php\/wp-json\/wp\/v2\/pages\/59\/revisions"}],"predecessor-version":[{"id":4692,"href":"https:\/\/energeticar.hr\/index.php\/wp-json\/wp\/v2\/pages\/59\/revisions\/4692"}],"wp:attachment":[{"href":"https:\/\/energeticar.hr\/index.php\/wp-json\/wp\/v2\/media?parent=59"}],"curies":[{"name":"wp","href":"https:\/\/api.w.org\/{rel}","templated":true}]}}