{"id":28,"date":"2024-02-14T17:04:57","date_gmt":"2024-02-14T17:04:57","guid":{"rendered":"http:\/\/energeticar.free.nf\/?page_id=28"},"modified":"2026-04-27T19:01:11","modified_gmt":"2026-04-27T19:01:11","slug":"kontakti","status":"publish","type":"page","link":"https:\/\/energeticar.hr\/index.php\/kontakti\/","title":{"rendered":"Kontakti"},"content":{"rendered":"<div class=\"wp-block-columns has-base-background-color has-background eplus-wrapper is-layout-flex wp-container-core-columns-is-layout-9d6595d7 wp-block-columns-is-layout-flex eplus-styles-uid-1db6b1\"><div class=\"edplus_anim-zAfTrn wp-block-column is-vertically-aligned-center eplus-wrapper is-layout-flow wp-block-column-is-layout-flow eplus-styles-uid-dea3e1\"><p class=\" edplus_anim-JZG25E has-text-align-right has-medium-font-size eplus-wrapper eplus-styles-uid-db01e0\"><strong>SAVEZ ENERGETI\u010cARA SLAVONIJE I BARANJE<\/strong><br>Trg Ljudevita Gaja 6, 31000 Osijek<br>OIB: 53831000731<br>IBAN: HR3125000091102031440 <br>e-mail: <a href=\"mailto:info@energeticar.hr\">info@energeticar.hr<\/a><br><br><em><strong>Predsjednik: Ivan Krvavica, dip. ing. el.<\/strong><\/em><br>mobitel: 098 \/ 43 63 95<br>e-mail: <a href=\"mailto:ivan.krvavica956@gmail.com\">ivan.krvavica956@gmail.com<\/a><br><br><em><strong>Dopredsjednik: Stojan Filipovi\u0107<\/strong><\/em><br>mobitel: 098 \/ 80 51 36<br>e-mail: <a href=\"mailto:spektar@ymail.com\">spektar@ymail.com<\/a><br><br><em><strong>Tajnik: Albert Higi, dipl. ing. stroj.<\/strong><\/em><br>mobitel: 091 \/ 512 34 78<br>e-mail: <a href=\"mailto:albert.higi@gmail.com\">albert.higi@gmail.com<\/a><\/p><\/div>\n\n\n<div class=\"wp-block-column eplus-wrapper is-layout-flow wp-block-column-is-layout-flow\">\n<figure class=\"wp-block-embedpress-embedpress aligncenter\" data-source-id=\"source-1b360c3a-9dc0-44d6-8696-156ac44fcefd\" data-embed-type=\"GoogleMaps\"><div class=\"gutenberg-block-wraper  \"><div class=\"position-right-wraper ep-embed-content-wraper   \" style=\"position:relative;display:inline-block\"><div class=\"ose-google-maps ose-uid-24250c61e113bdda397601a4d61efb3e ose-embedpress-responsive\" style=\"width:375px; height:500px; max-height:500px; max-width:100%; display:inline-block;\" data-embed-type=\"GoogleMaps\"><iframe loading=\"lazy\" allowfullscreen=\"true\" title=\"\" width=\"375\" height=\"500\" src=\"https:\/\/maps.google.com\/maps?hl=en&amp;ie=UTF8&amp;ll=45.5585195,18.684601&amp;spn=45.5585195,18.684601&amp;q=SAVEZ%20ENERGETI%C4%8CARA%20SLAVONIJE%20I%20BARANJE%20OSIJEK&amp;t=m&amp;z=18&amp;output=embed&amp;iwloc\" frameborder=\"0\" style=\"width:375px;height:500px;max-width:100%;\"><\/iframe><\/div><\/div><\/div><style>\n                    [data-source-id=\"source-1b360c3a-9dc0-44d6-8696-156ac44fcefd\"] .ose-embedpress-responsive{\n                        width: 375px!important;\n                        height: 500px!important;\n                        max-height: 500px!important;\n                    }\n                    [data-source-id=\"source-1b360c3a-9dc0-44d6-8696-156ac44fcefd\"] iframe{\n                        width: 375px!important;\n                        height: 500px!important;\n                        max-height: 500px!important;\n                    }\n                    [data-source-id=\"source-1b360c3a-9dc0-44d6-8696-156ac44fcefd\"] .embedpress-yt-subscribe iframe{\n                        height: 100%!important;\n                    }\n                    [data-source-id=\"source-1b360c3a-9dc0-44d6-8696-156ac44fcefd\"] .ose-youtube > iframe{\n                        height: 500px!important;\n                        width: 375px!important;\n                    }\n                    [data-source-id=\"source-1b360c3a-9dc0-44d6-8696-156ac44fcefd\"] .ose-youtube{\n                        height: 500px!important;\n                        width: 375px!important;\n                    }\n                    [data-source-id=\"source-1b360c3a-9dc0-44d6-8696-156ac44fcefd\"] .ose-giphy img{\n                        height: 500px!important;\n                        width: 375px!important;\n                    }\n                    [data-source-id=\"source-1b360c3a-9dc0-44d6-8696-156ac44fcefd\"] .ose-google-docs img{\n                        height: 500px!important;\n                        width: 375px!important;\n                    }\n                    [data-source-id=\"source-1b360c3a-9dc0-44d6-8696-156ac44fcefd\"] .ose-embedpress-responsive.ose-google-photos{\n                        height: 100% !important;\n                        max-height: 100% !important;\n                    }\n\n                    [data-source-id=\"source-1b360c3a-9dc0-44d6-8696-156ac44fcefd\"] .embera-embed-responsive-provider-gettyimages,\n                    [data-source-id=\"source-1b360c3a-9dc0-44d6-8696-156ac44fcefd\"] .embera-embed-responsive-provider-gettyimages iframe,\n                    [data-source-id=\"source-1b360c3a-9dc0-44d6-8696-156ac44fcefd\"] .getty{\n                        width: 375px!important;\n                        height: 500px!important;\n                        max-height: 500px!important;\n                        max-width: 100%!important;\n                    }\n                    <\/style><\/figure>\n<\/div>\n\n\n<div class=\"edplus_anim-ZFDSQ5 wp-block-column is-vertically-aligned-center eplus-wrapper is-layout-flow wp-block-column-is-layout-flow eplus-styles-uid-9e6df9\"><p class=\" edplus_anim-vqLiuG has-medium-font-size eplus-wrapper eplus-styles-uid-9e6df9\"><strong>Predsjednik Sekcije za obrazovanje i osposobljavanje energetskih kadrova:<\/strong><br><br><em><strong>Marijan Peri\u0161ki\u0107, dipl. ing. stroj.<\/strong><\/em><br>mobitel: 098 \/ 933 43 09<br>fax: 031 \/ 251 005<br>e-mail: <a href=\"mailto:marijan.periskic@energeticar.hr\">marijan.periskic@energeticar.hr<\/a><\/p><\/div><\/div>\n\n\n<hr class=\" wp-block-separator has-alpha-channel-opacity eplus-wrapper\"\/>\n\n\n<div class=\"edplus_anim-bBECbU wp-block-columns has-base-2-background-color has-background eplus-wrapper is-layout-flex wp-container-core-columns-is-layout-9d6595d7 wp-block-columns-is-layout-flex eplus-styles-uid-f23bb4\">\n<div class=\"wp-block-column eplus-wrapper is-layout-flow wp-block-column-is-layout-flow\">\n<p class=\" has-medium-font-size eplus-wrapper\"><strong><a href=\"https:\/\/energeticar.hr\/index.php\/drustvo-energeticara-osijek\/\">Dru\u0161tvo energeti\u010dara \u201cOsijek\u201d<\/a><\/strong><br><em>Trg Ljudevita Gaja 6, 31000 Osijek<\/em><br><em>OIB: 87964722324<\/em><br>IBAN: HR9725000091102026469<br><br><strong><em>Predsjednik: Z<\/em>latko<em>Markovi\u0107<\/em>, <strong>univ. spec. mech., dipl. ing.<\/strong><\/strong><br>mobitel: 098 \/ 252 268<br>e-mail:\u00a0<a href=\"mailto:zlatko.markovic@hep.hr\">zlatko.markovic@hep.hr<\/a><\/p>\n\n\n\n<p class=\" has-medium-font-size eplus-wrapper\"><strong>Dopredsjednik: Krunoslav Gabri\u0107, dipl. ing. el.<\/strong><br>mobitel: 098 \/ 174 71 07<br>e-mail:\u00a0<a href=\"mailto:krunoslav.gabric@gmail.com\">krunoslav.gabric@gmail.com<\/a><\/p>\n\n\n\n<p class=\" has-medium-font-size eplus-wrapper\"><strong><em>Tajnik: Ivan Krvavica<\/em>, dipl. ing. el.<\/strong><br>mobitel: 098 \/ 43 63 95<br>e-mail:\u00a0<a href=\"mailto:ivan.krvavica956@gmail.com\">ivan.krvavica956@gmail.com<\/a><\/p>\n<\/div>\n\n\n\n<div class=\"wp-block-column eplus-wrapper is-layout-flow wp-block-column-is-layout-flow\">\n<p class=\" has-medium-font-size eplus-wrapper\"><strong><a href=\"https:\/\/energeticar.hr\/index.php\/drustvo-energeticara-slavonski-brod\/\">Dru\u0161tvo energeti\u010dara \u201cSlavonski Brod\u201d<\/a><\/strong><br><em>Ulica Eugena Kumi\u010di\u0107a 3, 35000 Slavonski Brod<\/em><br><em>OIB: 37363957141<\/em><br>IBAN: HR6423400091110070957<br><br><strong><em>Predsjednik: Goran Matai\u0107 dipl. ing. stroj.<\/em><\/strong><br>mobitel: 091 \/ 276 74 44<br>e-mail:\u00a0<a href=\"mailto:goran.mataic@gmail.com\">goran.mataic@gmail.com<\/a><\/p>\n\n\n\n<p class=\" has-medium-font-size eplus-wrapper\"><strong>Dopredsjednik: Darko Mato\u0161evi\u0107<\/strong><br>mobitel: 091 \/ 769 93 57<br>e-mail:\u00a0<a href=\"mailto:brankamato@gmail.com\">brankamato@gmail.com<\/a><\/p>\n\n\n\n<p class=\" has-medium-font-size eplus-wrapper\"><strong><em>Tajnik: <\/em>Vlado Tvrdojevi\u0107<br><\/strong>mobitel: 091 \/ 266 65 00<br>e-mail: <a href=\"mailto:anto.ravlic2@gmail.com\">vtvrdojevic@gmail.com<\/a><\/p>\n<\/div>\n\n\n\n<div class=\"wp-block-column eplus-wrapper is-layout-flow wp-block-column-is-layout-flow\"><p class=\" edplus_anim-cA1kI3 has-medium-font-size eplus-wrapper eplus-styles-uid-2f5812\"><strong><a href=\"https:\/\/energeticar.hr\/index.php\/drustvo-energeticara-pozega\/\">Dru\u0161tvo energeti\u010dara \u201cPo\u017eega\u201d<\/a><\/strong><br><em>Stjepana Radi\u0107a 3, 34000 Po\u017eega<\/em><br><em>OIB: 55563601111<\/em><br>IBAN: HR9423860021120014025<\/p>\n\n\n<p class=\" has-medium-font-size eplus-wrapper\"><strong><em>Predsjednik: Anto Beki\u0107<\/em>, dipl. ing. stroj.<\/strong><br>mobitel: 098 \/ 256 030<br>e-mail:\u00a0<a href=\"mailto:anto.bekic@po.t-com.hr\">anto.bekic@po.t-com.hr<\/a><\/p>\n\n\n\n<p class=\" has-medium-font-size eplus-wrapper\"><strong>Dopredsjednik: Dalibor Ivanovi\u0107, dipl. ing. stroj<\/strong>.<br>mobitel: 099 \/ 21 67 857<br>e-mail: <a href=\"mailto:daliborpozega@gmail.com\">daliborpozega@gmail.com<\/a><\/p>\n\n\n\n<p class=\" has-medium-font-size eplus-wrapper\"><strong><em>Tajnik: Mato V<\/em>ukovi\u0107<\/strong>, <strong>univ. spec. el., dipl. ing.<\/strong><br>mobitel: 099 \/ 27 39 831<br>e-mail: <a href=\"mailto:mato.vukovic@gmail.com\">mato.vukovic@gmail.com<\/a><\/p>\n<\/div>\n<\/div>\n\n<div class=\"edplus_anim-HxFSXs wp-block-columns has-base-2-background-color has-background eplus-wrapper is-layout-flex wp-container-core-columns-is-layout-9d6595d7 wp-block-columns-is-layout-flex eplus-styles-uid-310fbe\">\n<div class=\"wp-block-column eplus-wrapper is-layout-flow wp-block-column-is-layout-flow\">\n<p class=\" has-medium-font-size eplus-wrapper\"><strong><a href=\"https:\/\/energeticar.hr\/index.php\/drustvo-energeticara-belisce\/\">Dru\u0161tvo energeti\u010dara \u201cBeli\u0161\u0107e\u201d<\/a><\/strong><br><em>Trg Ante Star\u010devi\u0107a 1, 31551 Beli\u0161\u0107e<\/em><br><em>OIB: 44182998850<\/em><br>IBAN: HR6523400091100012330<\/p>\n\n\n\n<p class=\" has-medium-font-size eplus-wrapper\"><strong><em>Predsjednik: Zlatko Safkin<\/em><\/strong><br>mobitel: 099 \/ 21 86 138<br>e-mail:\u00a0<a href=\"mailto:zlatko.safkin@hotmail.com\">zlatko.safkin@hotmail.com<\/a><\/p>\n\n\n\n<p class=\" has-medium-font-size eplus-wrapper\"><strong>Dopredsjednik: Ninoslav Var\u017ei\u0107<\/strong><br>mobitel: 098 \/ 52 82 74<br>e-mail:\u00a0<a href=\"mailto:ninoslav.varzic@hotmail.com\">ninoslav.varzic@hotmail.com<\/a><\/p>\n\n\n\n<p class=\" has-medium-font-size eplus-wrapper\"><strong><em>Tajnik: Vedran Smokrovi\u0107<\/em><\/strong><br>mobitel: 095 \/ 88 46 139<br>e-mail:\u00a0<a href=\"mailto:Robert.Spoljaric@dssmith.com\">veki.s095@gmail.com<\/a><\/p>\n<\/div>\n\n\n\n<div class=\"wp-block-column eplus-wrapper is-layout-flow wp-block-column-is-layout-flow\"><p class=\" edplus_anim-1N12pC has-medium-font-size eplus-wrapper eplus-styles-uid-a2d6d1\"><strong><a href=\"https:\/\/energeticar.hr\/index.php\/drustvo-energeticara-tvornica-secera-osijek\/\">Dru\u0161tvo energeti\u010dara \u201cTvornica \u0161e\u0107era\u201d Osijek<\/a><\/strong><br><em>Vinogradska ulica 14,\u00a0<em>31000<\/em>Bilje<br>OIB: 29107478771<\/em><br>IBAN: HR0824850031100214011<\/p>\n\n\n<p class=\" has-medium-font-size eplus-wrapper\"><strong><em>Predsjednik: Zlatko K<\/em>rvavica<\/strong><br>mobitel: 091 \/ 78 25 803<br>e-mail:\u00a0<a href=\"mailto:zlatko348@gmail.com\">zlatko348@gmail.com<\/a><\/p>\n\n\n\n<p class=\" has-medium-font-size eplus-wrapper\"><strong>Dopredsjednik: Ivica Duvan\u010di\u0107<\/strong><br>mobitel: 099 \/ 50 97 925<br>e-mail:\u00a0&#8212;&#8212;&#8211;<br><br><strong><em>Tajnik: Robert V<\/em>izentaner, dipl. pravnik<\/strong><br>mobitel: 091 \/ 19 44 961<br>e-mail:\u00a0<a href=\"mailto:robert.vizentaer@gmail.com\">robert.vizentaner@gmail.com<\/a><\/p>\n<\/div>\n\n\n\n<div class=\"wp-block-column eplus-wrapper is-layout-flow wp-block-column-is-layout-flow\">\n<p class=\" has-medium-font-size eplus-wrapper\"><strong><span style=\"text-decoration: underline;\"><a href=\"https:\/\/energeticar.hr\/index.php\/drustvo-energeticara-vukovarsko-srijemske-zupanije\/\">Dru\u0161tvo energeti\u010dara \u201cVukovarsko-srijemske\u201d \u017eupanije<\/a><\/span><\/strong><br><em><em>Ljudevita Gaja 18, 32100 Vinkovci<\/em><br>OIB: 20182370587<\/em><br>IBAN: HR&#8212;<\/p>\n\n\n\n<p class=\" has-medium-font-size eplus-wrapper\"><strong><em>Predsjednik: Vlado <\/em>Verga\u0161, ing. stroj.<\/strong><br>mobitel: 091 \/ 333 7990<br>e-mail:\u00a0<a href=\"mailto:vlado.vergas@gmail.com\" target=\"_blank\" rel=\"noreferrer noopener\">vlado.vergas@gmail.com<\/a><\/p>\n\n\n\n<p class=\" has-medium-font-size eplus-wrapper\"><strong><em>Tajnik: <\/em>\u017deljko Jagar, dipl. ing. el.<\/strong><br>mobitel: 098 \/ 176 7968<br>e-mail:\u00a0<a href=\"mailto:jagar.zeljko@gmail.com\">jagar.zeljko@gmail.com<\/a><\/p>\n<\/div>\n<\/div>","protected":false},"excerpt":{"rendered":"<p>SAVEZ ENERGETI\u010cARA SLAVONIJE I BARANJETrg Ljudevita Gaja 6, 31000 OsijekOIB: 53831000731IBAN: HR3125000091102031440 e-mail: info@energeticar.hr Predsjednik: Ivan Krvavica, dip. ing. el.mobitel: 098 \/ 43 63 95e-mail: ivan.krvavica956@gmail.com Dopredsjednik: Stojan Filipovi\u0107mobitel: 098 \/ 80 51 36e-mail: spektar@ymail.com Tajnik: Albert Higi, dipl. ing. stroj.mobitel: 091 \/ 512 34 78e-mail: albert.higi@gmail.com Predsjednik Sekcije za obrazovanje i osposobljavanje energetskih kadrova: &#8230; <a title=\"Kontakti\" class=\"read-more\" href=\"https:\/\/energeticar.hr\/index.php\/kontakti\/\" aria-label=\"More on Kontakti\">Vi\u0161e o tome<\/a><\/p>\n","protected":false},"author":1,"featured_media":0,"parent":0,"menu_order":0,"comment_status":"closed","ping_status":"closed","template":"","meta":{"editor_plus_copied_stylings":"{}","footnotes":""},"class_list":["post-28","page","type-page","status-publish"],"yoast_head":"<!-- This site is optimized with the Yoast SEO plugin v26.8 - https:\/\/yoast.com\/product\/yoast-seo-wordpress\/ -->\n<title>Kontakti - Savez energeti\u010dara Slavonije i Baranje<\/title>\n<meta name=\"description\" content=\"SAVEZ ENERGETI\u010cARA SLAVONIJE I BARANJETrg Ljudevita Gaja 6, 31000 OsijekOIB: 53831000731IBAN: HR3125000091102031440 e-mail:\" \/>\n<meta name=\"robots\" content=\"index, follow, max-snippet:-1, max-image-preview:large, max-video-preview:-1\" \/>\n<link rel=\"canonical\" href=\"https:\/\/energeticar.hr\/index.php\/kontakti\/\" \/>\n<meta property=\"og:locale\" content=\"en_US\" \/>\n<meta property=\"og:type\" content=\"article\" \/>\n<meta property=\"og:title\" content=\"Kontakti - Savez energeti\u010dara Slavonije i Baranje\" \/>\n<meta property=\"og:description\" content=\"SAVEZ ENERGETI\u010cARA SLAVONIJE I BARANJETrg Ljudevita Gaja 6, 31000 OsijekOIB: 53831000731IBAN: HR3125000091102031440 e-mail:\" \/>\n<meta property=\"og:url\" content=\"https:\/\/energeticar.hr\/index.php\/kontakti\/\" \/>\n<meta property=\"og:site_name\" content=\"Savez energeti\u010dara Slavonije i Baranje\" \/>\n<meta property=\"article:modified_time\" content=\"2026-04-27T19:01:11+00:00\" \/>\n<meta name=\"twitter:card\" content=\"summary_large_image\" \/>\n<meta name=\"twitter:label1\" content=\"Est. reading time\" \/>\n\t<meta name=\"twitter:data1\" content=\"2 minutes\" \/>\n<script type=\"application\/ld+json\" class=\"yoast-schema-graph\">{\"@context\":\"https:\/\/schema.org\",\"@graph\":[{\"@type\":\"WebPage\",\"@id\":\"https:\/\/energeticar.hr\/index.php\/kontakti\/\",\"url\":\"https:\/\/energeticar.hr\/index.php\/kontakti\/\",\"name\":\"Kontakti - Savez energeti\u010dara Slavonije i Baranje\",\"isPartOf\":{\"@id\":\"https:\/\/energeticar.hr\/#website\"},\"datePublished\":\"2024-02-14T17:04:57+00:00\",\"dateModified\":\"2026-04-27T19:01:11+00:00\",\"description\":\"SAVEZ ENERGETI\u010cARA SLAVONIJE I BARANJETrg Ljudevita Gaja 6, 31000 OsijekOIB: 53831000731IBAN: HR3125000091102031440 e-mail:\",\"breadcrumb\":{\"@id\":\"https:\/\/energeticar.hr\/index.php\/kontakti\/#breadcrumb\"},\"inLanguage\":\"en-US\",\"potentialAction\":[{\"@type\":\"ReadAction\",\"target\":[\"https:\/\/energeticar.hr\/index.php\/kontakti\/\"]}]},{\"@type\":\"BreadcrumbList\",\"@id\":\"https:\/\/energeticar.hr\/index.php\/kontakti\/#breadcrumb\",\"itemListElement\":[{\"@type\":\"ListItem\",\"position\":1,\"name\":\"Home\",\"item\":\"https:\/\/energeticar.hr\/\"},{\"@type\":\"ListItem\",\"position\":2,\"name\":\"Kontakti\"}]},{\"@type\":\"WebSite\",\"@id\":\"https:\/\/energeticar.hr\/#website\",\"url\":\"https:\/\/energeticar.hr\/\",\"name\":\"Savez energeti\u010dara Slavonije i Baranje\",\"description\":\"SESIB\",\"publisher\":{\"@id\":\"https:\/\/energeticar.hr\/#organization\"},\"potentialAction\":[{\"@type\":\"SearchAction\",\"target\":{\"@type\":\"EntryPoint\",\"urlTemplate\":\"https:\/\/energeticar.hr\/?s={search_term_string}\"},\"query-input\":{\"@type\":\"PropertyValueSpecification\",\"valueRequired\":true,\"valueName\":\"search_term_string\"}}],\"inLanguage\":\"en-US\"},{\"@type\":\"Organization\",\"@id\":\"https:\/\/energeticar.hr\/#organization\",\"name\":\"Savez energeti\u010dara Slavonije i Baranje\",\"url\":\"https:\/\/energeticar.hr\/\",\"logo\":{\"@type\":\"ImageObject\",\"inLanguage\":\"en-US\",\"@id\":\"https:\/\/energeticar.hr\/#\/schema\/logo\/image\/\",\"url\":\"https:\/\/energeticar.hr\/wp-content\/uploads\/2024\/02\/SESiB-logo-SMALL-1.png\",\"contentUrl\":\"https:\/\/energeticar.hr\/wp-content\/uploads\/2024\/02\/SESiB-logo-SMALL-1.png\",\"width\":110,\"height\":101,\"caption\":\"Savez energeti\u010dara Slavonije i Baranje\"},\"image\":{\"@id\":\"https:\/\/energeticar.hr\/#\/schema\/logo\/image\/\"}}]}<\/script>\n<!-- \/ Yoast SEO plugin. -->","yoast_head_json":{"title":"Kontakti - Savez energeti\u010dara Slavonije i Baranje","description":"SAVEZ ENERGETI\u010cARA SLAVONIJE I BARANJETrg Ljudevita Gaja 6, 31000 OsijekOIB: 53831000731IBAN: HR3125000091102031440 e-mail:","robots":{"index":"index","follow":"follow","max-snippet":"max-snippet:-1","max-image-preview":"max-image-preview:large","max-video-preview":"max-video-preview:-1"},"canonical":"https:\/\/energeticar.hr\/index.php\/kontakti\/","og_locale":"en_US","og_type":"article","og_title":"Kontakti - Savez energeti\u010dara Slavonije i Baranje","og_description":"SAVEZ ENERGETI\u010cARA SLAVONIJE I BARANJETrg Ljudevita Gaja 6, 31000 OsijekOIB: 53831000731IBAN: HR3125000091102031440 e-mail:","og_url":"https:\/\/energeticar.hr\/index.php\/kontakti\/","og_site_name":"Savez energeti\u010dara Slavonije i Baranje","article_modified_time":"2026-04-27T19:01:11+00:00","twitter_card":"summary_large_image","twitter_misc":{"Est. reading time":"2 minutes"},"schema":{"@context":"https:\/\/schema.org","@graph":[{"@type":"WebPage","@id":"https:\/\/energeticar.hr\/index.php\/kontakti\/","url":"https:\/\/energeticar.hr\/index.php\/kontakti\/","name":"Kontakti - Savez energeti\u010dara Slavonije i Baranje","isPartOf":{"@id":"https:\/\/energeticar.hr\/#website"},"datePublished":"2024-02-14T17:04:57+00:00","dateModified":"2026-04-27T19:01:11+00:00","description":"SAVEZ ENERGETI\u010cARA SLAVONIJE I BARANJETrg Ljudevita Gaja 6, 31000 OsijekOIB: 53831000731IBAN: HR3125000091102031440 e-mail:","breadcrumb":{"@id":"https:\/\/energeticar.hr\/index.php\/kontakti\/#breadcrumb"},"inLanguage":"en-US","potentialAction":[{"@type":"ReadAction","target":["https:\/\/energeticar.hr\/index.php\/kontakti\/"]}]},{"@type":"BreadcrumbList","@id":"https:\/\/energeticar.hr\/index.php\/kontakti\/#breadcrumb","itemListElement":[{"@type":"ListItem","position":1,"name":"Home","item":"https:\/\/energeticar.hr\/"},{"@type":"ListItem","position":2,"name":"Kontakti"}]},{"@type":"WebSite","@id":"https:\/\/energeticar.hr\/#website","url":"https:\/\/energeticar.hr\/","name":"Savez energeti\u010dara Slavonije i Baranje","description":"SESIB","publisher":{"@id":"https:\/\/energeticar.hr\/#organization"},"potentialAction":[{"@type":"SearchAction","target":{"@type":"EntryPoint","urlTemplate":"https:\/\/energeticar.hr\/?s={search_term_string}"},"query-input":{"@type":"PropertyValueSpecification","valueRequired":true,"valueName":"search_term_string"}}],"inLanguage":"en-US"},{"@type":"Organization","@id":"https:\/\/energeticar.hr\/#organization","name":"Savez energeti\u010dara Slavonije i Baranje","url":"https:\/\/energeticar.hr\/","logo":{"@type":"ImageObject","inLanguage":"en-US","@id":"https:\/\/energeticar.hr\/#\/schema\/logo\/image\/","url":"https:\/\/energeticar.hr\/wp-content\/uploads\/2024\/02\/SESiB-logo-SMALL-1.png","contentUrl":"https:\/\/energeticar.hr\/wp-content\/uploads\/2024\/02\/SESiB-logo-SMALL-1.png","width":110,"height":101,"caption":"Savez energeti\u010dara Slavonije i Baranje"},"image":{"@id":"https:\/\/energeticar.hr\/#\/schema\/logo\/image\/"}}]}},"_links":{"self":[{"href":"https:\/\/energeticar.hr\/index.php\/wp-json\/wp\/v2\/pages\/28","targetHints":{"allow":["GET"]}}],"collection":[{"href":"https:\/\/energeticar.hr\/index.php\/wp-json\/wp\/v2\/pages"}],"about":[{"href":"https:\/\/energeticar.hr\/index.php\/wp-json\/wp\/v2\/types\/page"}],"author":[{"embeddable":true,"href":"https:\/\/energeticar.hr\/index.php\/wp-json\/wp\/v2\/users\/1"}],"replies":[{"embeddable":true,"href":"https:\/\/energeticar.hr\/index.php\/wp-json\/wp\/v2\/comments?post=28"}],"version-history":[{"count":325,"href":"https:\/\/energeticar.hr\/index.php\/wp-json\/wp\/v2\/pages\/28\/revisions"}],"predecessor-version":[{"id":5172,"href":"https:\/\/energeticar.hr\/index.php\/wp-json\/wp\/v2\/pages\/28\/revisions\/5172"}],"wp:attachment":[{"href":"https:\/\/energeticar.hr\/index.php\/wp-json\/wp\/v2\/media?parent=28"}],"curies":[{"name":"wp","href":"https:\/\/api.w.org\/{rel}","templated":true}]}}